et i(y) = y**3 + 5*y**2 - y - 7. Let v be i(-5). Let n be 12 + 1*v + 0. Suppose 2*t + p - 5 = -0, 5*t + 3*p = n. What is the units digit of t?
5
Let p = -2 + 6. Let f = 10 + p. What is the tens digit of f?
1
What is the units digit of 4740/80 + (-1)/4?
9
Let i(w) = -w**3 + 11*w**2 + 4*w - 7. What is the units digit of i(11)?
7
Suppose -4 = -y + 4*o, 0*y + 2*y - 8 = -o. Suppose 0 = -2*i, y*z = z - i - 18. What is the units digit of -6*3/z + 2?
5
Let t be 2 + -2 + -3*1. What is the units digit of 2*(2 - t/(-2))?
1
Let n be 258/8 + 3/(-12). Let a = n + -10. Let b = a - 16. What is the units digit of b?
6
Let x = 0 - 1. Let s = x + 3. What is the units digit of s?
2
Let a be ((-2)/(-4))/(4/(-16)). Let q = a + 2. Suppose q = 2*j - n - 11, -3*n = 2*n + 5. What is the units digit of j?
5
Let f(w) = -w**3 + 11*w**2 + 2. Let x be f(11). Suppose -b = x*i - 42, i = -0*b + 3*b + 14. What is the units digit of i?
0
Let t(c) = c**3 + 7*c**2 - 3*c - 9. Let k be t(-7). Suppose y - 3 = -2*i + 4*i, -k = -4*y - 3*i. What is the units digit of y?
3
What is the tens digit of 2*(-9)/(-15)*430/4?
2
Let x = -5 + -1. Let a(m) = -m**2 - 5*m + 7. Let h be a(x). What is the units digit of (h - -13)/(8/4)?
7
Let f(w) = 6*w. Let c be f(6). Suppose 0 = 3*u + u - c. What is the units digit of u?
9
Let x be ((-3)/(-2))/((-8)/(-32)). Let z = -5 + x. What is the units digit of z?
1
Let g = -38 + 72. Let w = 1 + g. What is the tens digit of w?
3
Let t(w) = 7*w**2 + w. Let a be t(2). Suppose 2*o + 11 + 4 = 5*u, a = 2*u + 4*o. What is the units digit of u?
5
Suppose 0 = 4*n - 10 - 6. Suppose n*z - 3*z = 0. Suppose 0 = g - z*g - 2. What is the units digit of g?
2
Let d(h) = 2*h + 1. Let m be d(1). Suppose -l + 22 = 4*b, -5*b + l = 3*l - 29. Suppose -b*x + 11 = -2*a, -7 = x - 8*a + m*a. What is the units digit of x?
3
Let i be (3 + -2)*(-14)/(-2). Let k(z) = -z**2 + 6*z + 9. Let c be k(i). Suppose 2*w = w + c*u + 17, -5 = u. What is the units digit of w?
7
Suppose -o + 136 = m, -4*m = -4*o - 146 - 430. What is the units digit of m?
0
Let s be (-40)/(-140) + (-80)/(-14). Suppose -5*r - 2 = -s*r. What is the units digit of r?
2
Let m be ((-2)/3)/((-4)/36). What is the units digit of (14/m)/(1/9)?
1
Let g = 4 - 0. Suppose 2*d - 3*d + 19 = 5*q, -3*d = -g*q + 19. What is the units digit of q?
4
Let v(u) = -6*u. What is the tens digit of v(-3)?
1
Let v(u) = u**2 + 4*u - 5. Let q be v(-5). Let i(m) = -m + 3. Let s be i(q). Suppose 3*d = b + 3*b - 44, -2*d = -s*b + 33. What is the units digit of b?
1
Suppose -4*m + 87 + 302 = -q, -q - 1 = 0. What is the tens digit of m?
9
What is the units digit of 2/((-7)/14*(-1 + -1))?
2
Suppose 3*c + 5 + 10 = 4*b, 16 = 4*b - 4*c. Suppose 4*h = 5*j - 40, -j + h - 3 = -b*j. What is the units digit of j?
4
Let s be 3 + -6 - -7*1. Suppose 0 = 5*i - s - 1. What is the units digit of i?
1
Let k(j) = j**2 - 3*j - 6. What is the units digit of k(-4)?
2
Let m(w) = -2*w - 30. What is the units digit of m(-19)?
8
Let m(w) = w**3 - 4*w**2 - 2*w + 2. Let r be m(4). Suppose d = 3*z - 5, 4*z - d + 2 = -4*d. Let y = z - r. What is the units digit of y?
7
Let o = -6 - -9. Let n be (-13 - 2)*o/(-9). Suppose -6 = -n*v + 4. What is the units digit of v?
2
Let s(q) = -q**3 + 7*q**2 - q + 12. What is the tens digit of s(5)?
5
Let w(l) = -l**3 - 4*l**2 + 4*l - 5. Let b be w(-5). Let m = -3 + b. What is the units digit of 1*m/(-1) + 0?
3
Suppose -2*w = -c + 2*w - 1, -5*w + 15 = -4*c. Let d(r) = -r**3 - 4*r**2 + r + 7. What is the tens digit of d(c)?
2
Let d = 17 + 0. What is the units digit of d?
7
Suppose -2*m - 4*m + 18 = 0. Suppose 5*t + 2*n - 89 = 0, -m*n + 36 = 2*t - 4. What is the tens digit of t?
1
Let n = 163 - 62. What is the tens digit of n?
0
Let t = 40 + -68. What is the units digit of 144/t*(-7)/2?
8
Suppose -2*w = 2*w - 20. Suppose -3*c = c - w*u, -u = -4. Suppose -c*i + 0*i = -5. What is the units digit of i?
1
What is the units digit of (-51)/(-12) + 3/4?
5
Suppose 4*r - 157 = -3*g, 3*g - g + 2*r - 102 = 0. What is the units digit of g?
7
Let k(h) = h**2 - 20*h - 34. What is the units digit of k(-10)?
6
Let s = 1 + 5. Let x = 2 + 2. What is the units digit of (2/s)/(x/36)?
3
Suppose -60 = 6*n - 10*n. What is the tens digit of n?
1
Let k(c) = 4*c**2 - 1. Let j be k(-1). Suppose 7*a + 6 = 4*a. Let t = j - a. What is the units digit of t?
5
Let a be (-1)/2*-14 - 2. Suppose o + r - 11 = 0, 5*r + 9 = a*o - 6. What is the units digit of o?
7
Suppose q + 36 = 4*q. Suppose 4*h + 1 = n - 1, -2*n + 4 = 4*h. Suppose 0 = n*g, a - 3*a = 4*g - q. What is the units digit of a?
6
Let p(q) = -5*q + 6. What is the tens digit of p(-5)?
3
Let z = 13 - -37. What is the tens digit of z?
5
Let u = -15 + 24. Let h be (u/6)/((-2)/(-20)). Suppose 5*g - h = 15. What is the units digit of g?
6
Let c be 8/36 - 86/(-18). Suppose -c*w + 17 = -2*w + 4*p, -w = p - 5. What is the units digit of ((-2)/(-3))/(2/w)?
1
Suppose 5*g - 4 - 46 = 0. Suppose 0*r - 2*r = -g. Suppose -2*f + r = 1. What is the units digit of f?
2
Let s be (12/(-15))/((-2)/(-10)). Let b be -1 + 3/(-3) - s. Suppose 0*l + b*l = 14. What is the units digit of l?
7
Let p(f) = -4*f + 7. What is the tens digit of p(-3)?
1
Let r(i) = -i**2 + 13*i + 19. What is the tens digit of r(13)?
1
Let a = 207 + 51. What is the hundreds digit of a?
2
Suppose 7*w - 4*w - 147 = 0. What is the units digit of w?
9
Let a(x) = 16*x + 32. What is the tens digit of a(6)?
2
What is the units digit of (3 - 4) + (35 - -1)?
5
Suppose -4*l + 19 = 7*k - 2*k, 3*k + l = 10. Let b = k + 0. Suppose b*q - 47 = 2*w, 4*w + 47 = 3*q - 2. What is the tens digit of q?
1
Let l = -25 + 18. Let s be (-12)/42*l*1. Suppose -2*y - s*y + 4 = 0. What is the units digit of y?
1
Let a(c) = -c**3 - 2*c**2 + 4*c - 3. Let r be a(2). What is the units digit of -1*(r + 0 + -2)?
3
Suppose 5*w - 20 = -2*b, -5*w = -3*b - 2*b - 55. Suppose t - 15 = -p, -w*t + 5*p + 125 = -t. What is the units digit of t?
0
Suppose -12 = 3*l + 5*k, 0 = -5*l + l - 3*k - 16. What is the tens digit of 26*(-2)/l + 4?
1
Suppose 0 = -13*s + 10*s + 3. Suppose -n = -6*n - o + 89, -4*o - s = -n. What is the units digit of n?
7
Suppose -p + 7 + 1 = 0. What is the units digit of p?
8
Let h = 13 + -8. Suppose 5*q + h*c = 5, -4*q + 4*c + 16 = 5*c. What is the units digit of q?
5
Let c be 2/2*(5 + -1). Let x be (3/2)/(3/(-6)). Let y = x + c. What is the units digit of y?
1
Let x(o) = o + 1. Let p be x(1). Suppose 0 = r - p - 14. What is the tens digit of r?
1
Suppose 4*d = 10 + 6. Let q be 0/d + 0/1. Suppose 4*t - p - 29 = q, -2*p + 1 = 2*t - 11. What is the units digit of t?
7
What is the tens digit of 94 + -11 - -2*2/(-2)?
8
Suppose -r + 96 = r. What is the tens digit of r?
4
Suppose 15*h + 904 = 5*t + 13*h, -5*t = -h - 907. What is the tens digit of t?
8
Let j = 944 - 547. What is the units digit of j?
7
Suppose y - 109 = -0*y. What is the units digit of y?
9
Suppose -v + 8 = -2*v. Let b = 28 + v. What is the units digit of b?
0
Suppose -5*d + r + 162 = 0, 0*r + 3*r = 5*d - 166. Suppose h - d = -0*h - 4*a, -2*h + 46 = 2*a. What is the units digit of h?
0
Suppose 4*s + 108 = -5*d, 4*d + 0*s + 72 = 4*s. Let t = d - -34. Suppose -o + 3*o + t = w, 3*w - 4*o - 42 = 0. What is the units digit of w?
4
Let x = 3 - -2. Suppose 0 = -3*m + m + x*k + 17, -95 = -5*m - 5*k. What is the units digit of (-5)/2*m/(-10)?
4
Let a(s) = -s**3 - 6*s**2 + 7*s + 4. Let q be a(-7). Let c = q - 1. Suppose -c*l - l = -8. What is the units digit of l?
2
Suppose 2*k - k = -3*h + 8, k - 9 = -2*h. What is the tens digit of k?
1
What is the tens digit of (62 - -4) + 2 + -3?
6
Let v(p) = 6*p**2 + 3*p + 1. What is the units digit of v(-3)?
6
Let q(c) = c - 4. Let n be q(13). Let i(x) = 0*x - 4*x**3 + 10*x**2 + 3*x**3 - 8*x + 7. What is the units digit of i(n)?
6
Let f = 3 - 2. Let b(l) = 4*l**2 + 3*l**3 + 0*l**2 + f - 2*l**3. What is the units digit of b(-4)?
1
Let x(i) be the second derivative of i**5/12 - i**4/12 - i**3/3 - i. Let b(j) be the second derivative of x(j). What is the tens digit of b(2)?
1
Suppose 5*y + 3*n + 245 = 925, -3*y + 407 = 2*n. What is the tens digit of y?
3
Let n(s) = -2*s + 33. Let w be n(0). Let g = -17 + w. What is the units digit of g?
6
Let g = 128 - 32. What is the tens digit of g?
9
Let d(u) = -u**3 - 10*u**2 - 